{"id":120,"date":"2024-09-06T15:10:01","date_gmt":"2024-09-06T15:10:01","guid":{"rendered":"https:\/\/praxis-muenz.de\/?page_id=120"},"modified":"2025-01-26T19:14:44","modified_gmt":"2025-01-26T19:14:44","slug":"ceres-urtinkturen","status":"publish","type":"page","link":"https:\/\/praxis-muenz.de\/?page_id=120","title":{"rendered":"Pflanzenheilkunde mit Ceres-Urtinkturen"},"content":{"rendered":"\n<p>Die Anwendung von Arzneimitteln aus Pflanzen hat eine lange Tradition. Als Antwort auf die heutige Zeit sind die pflanzlichen Urtinkturen von Ceres auf die wachsende Selbstwahrnehmung des Menschen abgestimmt. Neben der Linderung von k\u00f6rperlichen und psychischen Beschwerden vermitteln sie Impulse zur Bewusstwerdung der k\u00f6rperlichen und psychischen Zusammenh\u00e4nge. Diesen Vorgang k\u00f6nnen Ceres-Urtinkturen auf harmonische Weise unterst\u00fctzen. Ceres-Urtinkturen sind Arzneimittel, die den drei menschlichen Ebenen &#8211; K\u00f6rper, Seele und Geist &#8211; entsprechen.<br>\u00dcber 60 Heilpflanzen stehen als Urtinkturen, Komplexmittel und Dilutionen zur Verf\u00fcgung. Diese sind besonders wirksam und bis zu 10 mal tiefer als herk\u00f6mmliche Urtinkturen zu dosieren.<\/p>\n\n\n\n<p>Weitere Informationen finden Sie unter <a href=\"http:\/\/www.ceresheilmittel.ch\">www.ceresheilmittel.ch<\/a> <\/p>\n\n\n\n<p><\/p>\n","protected":false},"excerpt":{"rendered":"<p>Die Anwendung von Arzneimitteln aus Pflanzen hat eine lange Tradition. Als Antwort auf die heutige Zeit sind die pflanzlichen Urtinkturen von Ceres auf die wachsende Selbstwahrnehmung des Menschen abgestimmt. Neben der Linderung von k\u00f6rperlichen und psychischen Beschwerden vermitteln sie Impulse zur Bewusstwerdung der k\u00f6rperlichen und psychischen Zusammenh\u00e4nge. Diesen Vorgang k\u00f6nnen Ceres-Urtinkturen auf harmonische Weise unterst\u00fctzen. [&hellip;]<\/p>\n","protected":false},"author":1,"featured_media":0,"parent":0,"menu_order":0,"comment_status":"closed","ping_status":"closed","template":"","meta":{"footnotes":""},"class_list":["post-120","page","type-page","status-publish","hentry"],"_links":{"self":[{"href":"https:\/\/praxis-muenz.de\/index.php?rest_route=\/wp\/v2\/pages\/120","targetHints":{"allow":["GET"]}}],"collection":[{"href":"https:\/\/praxis-muenz.de\/index.php?rest_route=\/wp\/v2\/pages"}],"about":[{"href":"https:\/\/praxis-muenz.de\/index.php?rest_route=\/wp\/v2\/types\/page"}],"author":[{"embeddable":true,"href":"https:\/\/praxis-muenz.de\/index.php?rest_route=\/wp\/v2\/users\/1"}],"replies":[{"embeddable":true,"href":"https:\/\/praxis-muenz.de\/index.php?rest_route=%2Fwp%2Fv2%2Fcomments&post=120"}],"version-history":[{"count":4,"href":"https:\/\/praxis-muenz.de\/index.php?rest_route=\/wp\/v2\/pages\/120\/revisions"}],"predecessor-version":[{"id":154,"href":"https:\/\/praxis-muenz.de\/index.php?rest_route=\/wp\/v2\/pages\/120\/revisions\/154"}],"wp:attachment":[{"href":"https:\/\/praxis-muenz.de\/index.php?rest_route=%2Fwp%2Fv2%2Fmedia&parent=120"}],"curies":[{"name":"wp","href":"https:\/\/api.w.org\/{rel}","templated":true}]}}